Let w(g) = -g**3 + g - 1. Let b(a) = 3*a**2 - 4*a + 2. Let u = 157 + -156. Let q(s) = u*b(s) - w(s). Determine q(-4).
7
Let r be (10/3)/(8/36). Let d be 1/3*r - (-16)/8. Let f(u) = -4*u + 8. What is f(d)?
-20
Let k(d) = d - 13. Suppose 0 = 3*a + 20 - 122. Let y = -39 + a. Let n be y/((-10)/(-8)) + (-2 - -19). Determine k(n).
0
Let w(i) = i**2 - 9*i + 1. Let p be ((-1)/3)/(8/72) + -15. Let j be (-62)/6 - p/(-27). Let m = j - -16. What is w(m)?
-19
Let r be (-20)/(-50) - (-544)/(-10). Let a = r + 41. Let z = a - -11. Let c(y) = -y**2 - 4*y - 2. Calculate c(z).
2
Let z(g) = g**3 - 6*g**2 + 3*g + 4. Suppose 107*s = 112*s - 25. Let a be z(s). Let k(c) = -c**3 - 5*c**2 + 8*c + 7. Calculate k(a).
-5
Let h(u) = 219*u - 659*u + 196 + 240*u + 225*u. What is h(-8)?
-4
Let g(m) = -16*m**2 - 6*m - 9. Suppose 5*c + 5*i + 34 = -21, -1 = -5*c + 2*i. Determine g(c).
-135
Let l(d) be the first derivative of 3*d**4/2 - 2*d**3/3 + d**2/2 + 3*d + 3457. Determine l(-2).
-55
Let a(g) be the third derivative of -g**6/120 + g**5/60 - g**4/24 + g**3/3 - 2*g**2. Suppose -22*y + 375 = 103*y. What is a(y)?
-19
Let v(g) = -6*g + 4. Let i be ((-2)/4)/(-5 + 1734/348). Suppose -39*b = -i*b - 20. Determine v(b).
-8
Let x(b) = 12*b**2 - 2*b + 1. Let q be (-2)/(-4) + (-22)/(-44). Let a be q + 5/(-20)*0. Calculate x(a).
11
Let k(d) = -5*d**2 + 34*d - 38. Let l be k(5). Let v(y) be the third derivative of 0*y + 6*y**2 - y**3 + 0 + 1/24*y**4. Calculate v(l).
1
Let w be (1/(-3))/(2/(-18)). Let x(c) = -11*c**2 - 14*c - 303. Let n(s) = 24*s**2 + 29*s + 658. Let f(d) = 6*n(d) + 13*x(d). What is f(w)?
-6
Let t be (-11)/(-7)*(-728)/(-416). Let w(y) be the first derivative of -y + t*y**4 - 2/3*y**3 - 6 - y**2. Calculate w(-1).
-12
Let i(f) = -f**2 - f. Suppose 0 = -20*x - 10*x + 30. Let y be (6/(-4))/(6/16). Let c(p) = -5*p**2 - 6*p - 3. Let o(a) = x*c(a) + y*i(a). Determine o(-2).
-3
Let u(l) = 2*l**3 - 4*l**2 - 13*l - 2. Let s(r) = 2*r**3 - 6*r**2 - 47*r - 65. Let k be s(7). What is u(k)?
-8
Let u(f) = f + 0*f - 25 - 5 - 13*f - 39. Determine u(-7).
15
Suppose 1171 = 4*d - 601. Let a = -442 + d. Let l(y) = -34*y + 1. Determine l(a).
-33
Let v(t) = -6*t**3. Let w(z) = 454*z**2 + 2*z + 3. Let c be w(-1). Let u = 454 - c. Give v(u).
6
Let s(m) = -5*m**2 - 12*m - 52. Let o be s(-4). Let u be -7*6/o*4. Let b(k) be the second derivative of k**4/12 - k**3/2 + k**2 - 3*k. Calculate b(u).
0
Let h be 7/(-21) - (-10)/3 - -1. Let o(k) = k**3 - 14*k**2 - 6*k - 5. Let c(m) = m**3 - 12*m**2 - 6*m - 4. Let z(g) = h*o(g) - 5*c(g). Give z(5).
5
Let n(m) = -m**2 + 13*m - 20. Let v = -1519 + 1529. Determine n(v).
10
Let a(u) = 34*u - 50*u + 1 + 5 - 6. Calculate a(0).
0
Let d(j) = -2*j - 3. Let y be d(-4). Suppose 0 = r + 2 - y. Let w(t) = 3*t**r + 7*t**2 + t**3 + 0*t**3 + 7*t - 3*t**3 + 4. What is w(-6)?
-2
Let h(i) be the second derivative of -7*i**3/6 + 22*i**2 - 593*i. Calculate h(4).
16
Let x(o) = 2*o**3 - 14*o**2 - o + 2. Let i(j) = 58*j**2 - 578*j - 13. Let w be i(10). Determine x(w).
-5
Let u(i) = -459*i - 3192. Let m be u(-7). Let h(t) = t**2 - 27*t + 126. Calculate h(m).
0
Let m(z) = z**2 - 6*z - 36. Suppose -31 = 2*n + 2*d - 25, -3*d = 5*n + 19. What is m(n)?
19
Let c be 4*7/28*-1. Let k(j) = 6*j - 4. Let s(f) = -16*f + 9. Let g(i) = -7*k(i) - 3*s(i). Calculate g(c).
-5
Let p(j) = 3*j - 3. Let n = 290 - 290. Suppose n = -45*b + 61*b - 80. Give p(b).
12
Let g(i) be the third derivative of 1/120*i**6 - 1/6*i**5 + 0*i + 0 + 7/6*i**3 - 85*i**2 + 0*i**4. Determine g(10).
7
Let h(v) = v**3 - 9*v**2 - 16*v + 19. Suppose -31*f + 26*f + 55 = 4*o, 5*o + 3*f = 59. Determine h(o).
-41
Let r(t) = t**3 - 12*t**2 + 11*t - 4. Let i be r(11). Let o(u) = -6 - 11 - 18 + 37 + u. Give o(i).
-2
Let d(r) = -2*r**3 + 2*r**2 - r + 4. Let i = -229 - 103. Let f = 335 + i. Give d(f).
-35
Let f(t) be the second derivative of -t**5/10 - t**4/2 + 4*t**3/3 - t**2/2 - 1159*t - 1. Give f(-4).
-1
Let r(i) be the third derivative of i**5/60 + i**4/12 + i**3/3 + 25*i**2. Let g be -3*4/24*6. Calculate r(g).
5
Let v(r) be the first derivative of -9*r**2/2 + 26*r - 4960. Determine v(-5).
71
Let u be 13 - (-27 - -16 - -20). Let s(g) = 2 + 4 - 2*g + 0. Determine s(u).
-2
Let q = -2335 - -2345. Let d(y) = -y**3 + 11*y**2 - 12*y. Let k(p) = -p**3 - 2 - 2 + 5 + 9*p**2 + 2*p**2 - 13*p. Let w(n) = -3*d(n) + 2*k(n). Give w(q).
2
Let n(o) be the second derivative of -11*o**3/3 - 10*o**2 + 18*o. Let z be n(-1). Let i(m) = m**2 + m - 2. Determine i(z).
4
Let g be 5 - 14 - 44/((-32)/8). Let p(u) = -u**3 + 5*u**2 - 8*u + 4. What is p(g)?
0
Let j(t) = -8*t**2 + 10 + 14 - 4*t**2 + 28 - 15*t - 82 + t**3. Calculate j(13).
-56
Let j(n) = -4*n**2 - 7*n - 2. Let q(x) = -3*x**2 + x**2 - 2*x**2 + 3*x**2 - 1. Let t(z) = -j(z) + 3*q(z). Let s be 3 + (-150)/14 - 6/21. Give t(s).
7
Suppose 3*i = o + 26, -387*i + 383*i + 24 = -4*o. Let z(t) = 0 + 2*t - t**2 - 1 - 5. Determine z(o).
-14
Let c(j) be the third derivative of -j**4/8 + j**3/6 - 2*j**2. Let z = 171 + -170. What is c(z)?
-2
Let y(w) be the second derivative of w**5/60 - w**4/3 - 17*w**3/2 - 25*w. Let z(x) be the second derivative of y(x). What is z(8)?
8
Let o(y) be the first derivative of -y**4/4 - 2*y**3 - 3*y**2 - 4*y - 3. Let g(f) = -2*f**2 + 67*f + 29. Let x be g(34). What is o(x)?
1
Let d(z) = -11*z - 159. Let h(f) = -574*f + 4002. Let k be h(7). Give d(k).
17
Let u(x) = -6*x - 255. Let i(f) = -15*f - 611. Let a(y) = 5*i(y) - 12*u(y). Let j(g) = -g + 8. Let w be j(4). Determine a(w).
-7
Suppose -55*z - 50*z - 3400 = 95*z. Let l(h) = h**3 + 18*h**2 + 18*h. What is l(z)?
-17
Let b be 4/(-10) - (-23)/(-5). Let y(f) = 7*f**3 + 7*f**2 + 22*f + 79. Let c(j) = 18*j**3 + 17*j**2 + 56*j + 206. Let l(v) = -5*c(v) + 13*y(v). What is l(b)?
-8
Let g(c) = -3*c + c + 4*c. Let p = -394 - -396. Suppose 3*f + 8 = -5*i, -i - 22 = p*f - 26. Determine g(f).
8
Let i(j) = -j + 8. Let k be 4/(1 + 0)*27/54. Let n be -2 + (1 - k) - 54/(-3). What is i(n)?
-7
Let k(m) be the first derivative of m**5/20 + m**4/6 - m**3/3 - 3*m**2/2 - 31*m + 36. Let f(x) be the first derivative of k(x). Give f(-3).
-6
Let r(j) = j**2 - 728*j + 5053. Let m be r(7). Let k(v) = -6*v**2 + 35*v - 16. Give k(m).
-22
Let a(q) = 2*q**2 - q - 3. Let i(u) = -46 + 2*u**2 - 23 + 85 - 2*u + 8*u - 12*u**2. Let h = -10 + 6. Let r(j) = h*i(j) - 22*a(j). Calculate r(-2).
-10
Let t(i) = 507*i - 1015*i + 4 - 13 + 498*i - 10 - i**3. What is t(-3)?
38
Suppose -15*g + 2879 - 3014 = 0. Let u(t) = t**3 + 9*t**2 + 2*t + 10. Determine u(g).
-8
Let k = 19018 + -19002. Let o(w) = 6*w**2 - 90*w - 103. Determine o(k).
-7
Suppose -41*x = -40*x - 418. Let k = x - 413. Let r(j) = 3*j + 5. What is r(k)?
20
Let l(i) = 174*i - 387. Let a(t) = 24*t - 55. Let r(x) = -15*a(x) + 2*l(x). Determine r(4).
3
Let c(f) = 0*f - 7*f**2 + f - f**2. Suppose 46*u + 12 - 27 = 31. Determine c(u).
-7
Let u(f) be the second derivative of 0 + 1/2*f**3 - 16*f + 0*f**2. What is u(3)?
9
Let o(g) = -g - 1. Let a(j) = -2*j + 12. Let q be a(4). Suppose -q*n = -h - 4, 2*n = 2*h - 3 - 1. Suppose i + 2 = x + 1, -5*i - 50 = h*x. Determine o(i).
5
Let m(b) be the third derivative of 5/24*b**4 - 1/2*b**3 + 2*b**2 - 1/120*b**6 - 1/30*b**5 + 0 + 0*b. Suppose -59*a - 145 = 25*a + 191. Calculate m(a).
9
Let z(r) = 91*r**2 + 3*r - 34*r**2 - 30*r**2 - 8*r - 29*r**2 - 3. Suppose -3*d = -0*d. Suppose 4*n + d*n = -12. What is z(n)?
-6
Let w(b) = 3*b**3 - 14*b**2 - 6*b. Let o(q) = 20*q**3 - 83*q**2 - 37*q + 1. Let y(p) = 2*o(p) - 13*w(p). Calculate y(-16).
-62
Let x(f) = 74 - 23416*f - 22 + 23412*f + 42. Determine x(22).
6
Let h(i) = -6*i - 270. Let x(u) = 9*u + 382. Let a(s) = 7*h(s) + 5*x(s). Give a(7).
41
Let o = 9/68 - -2/17. Let f(v) be the first derivative of v**3 - 2*v + v**2 + 1 - o*v**4. Determine f(3).
4
Let v(z) = -7*z**2 - 24*z + 33. Let f(n) = 6*n**2 + 21*n - 27. Let j(x) = 8*f(x) + 7*v(x). What is j(0)?
15
Let y(r) = 1 + 2*r**3 - 6*r - r**2 - 4*r**3 + 5*r + r**3. Suppose 0 = 109*p - 35*p. Determine y(p).
1
Let f(v) = -v**3 - v + 18. Let l be (-6 - -1)*((-48)/(-10))/(-4). Let g = -6 + l. Determine f(g).
18
Let p(u) = -6*u + 5. Let q(g) = 6*g - 6. Let x = 123 + 3. Let d = -131 + x. Let y(j) = d*p(j) - 4*q(j). What is y(-1)?
-7
Let g = -1 - -3. Suppose 0 = g*m - 6 + 2. Let f be 3 + m + (-9)/3. Let n(r) =